{"id":606,"date":"2025-04-16T00:43:27","date_gmt":"2025-04-16T00:43:27","guid":{"rendered":"https:\/\/anna.webblix.se\/?post_type=project-artist&#038;p=606"},"modified":"2025-04-16T00:43:29","modified_gmt":"2025-04-16T00:43:29","slug":"kultur-i-varden","status":"publish","type":"project-artist","link":"https:\/\/annafallstrom.se\/en\/project-artist\/kultur-i-varden\/","title":{"rendered":"Kultur i v\u00e5rden"},"content":{"rendered":"<p class=\"wp-block-paragraph\">Musikduo Anna &amp; Jesper har under flera \u00e5r turnerat med kultur i v\u00e5rden. N\u00e4sta planerade turn\u00e9 ligger i februari 2022.<\/p>\n\n\n\n<p class=\"wp-block-paragraph\">Vi spelar, sjunger och ber\u00e4ttar kring olika musikkoncept. &#8220;Fr\u00e5n solglimt till regndagar&#8221;, &#8220;Pop och visor fr\u00e5n nu och d\u00e5&#8221;, &#8220;Svenska hits&#8221; \u00e4r n\u00e5gra av de koncept vi tagit ut till \u00e4ldre i g\u00f6teborgsregionen. <\/p>\n\n\n\n<p class=\"wp-block-paragraph\">H\u00e4r kan ni se lite hur en konsert kan se ut:<\/p>\n\n\n\n<figure class=\"wp-block-embed is-type-video is-provider-youtube wp-block-embed-youtube wp-embed-aspect-16-9 wp-has-aspect-ratio\"><div class=\"wp-block-embed__wrapper\">\n<iframe title=\"Speldags - Anna &amp; Jesper \u2013 Pop, visor och svenska hits\" width=\"800\" height=\"450\" src=\"https:\/\/www.youtube.com\/embed\/S3X1ZnKmRJ0?start=19&#038;feature=oembed\" frameborder=\"0\" allow=\"accelerometer; autoplay; clipboard-write; encrypted-media; gyroscope; picture-in-picture; web-share\" referrerpolicy=\"strict-origin-when-cross-origin\" allowfullscreen><\/iframe>\n<\/div><\/figure>","protected":false},"featured_media":608,"template":"","class_list":["post-606","project-artist","type-project-artist","status-publish","has-post-thumbnail","hentry"],"_links":{"self":[{"href":"https:\/\/annafallstrom.se\/en\/wp-json\/wp\/v2\/project-artist\/606","targetHints":{"allow":["GET"]}}],"collection":[{"href":"https:\/\/annafallstrom.se\/en\/wp-json\/wp\/v2\/project-artist"}],"about":[{"href":"https:\/\/annafallstrom.se\/en\/wp-json\/wp\/v2\/types\/project-artist"}],"wp:featuredmedia":[{"embeddable":true,"href":"https:\/\/annafallstrom.se\/en\/wp-json\/wp\/v2\/media\/608"}],"wp:attachment":[{"href":"https:\/\/annafallstrom.se\/en\/wp-json\/wp\/v2\/media?parent=606"}],"curies":[{"name":"wp","href":"https:\/\/api.w.org\/{rel}","templated":true}]}}

Kultur i vården

<p class="wp-block-paragraph">Musikduo Anna &amp; Jesper har under flera år turnerat med kultur i vården. Nästa planerade turné ligger i februari 2022.</p>



<p class="wp-block-paragraph">Vi spelar, sjunger och berättar kring olika musikkoncept. &#8220;Från solglimt till regndagar&#8221;, &#8220;Pop och visor från nu och då&#8221;, &#8220;Svenska hits&#8221; är några av de koncept vi tagit ut till äldre i göteborgsregionen. </p>



<p class="wp-block-paragraph">Här kan ni se lite hur en konsert kan se ut:</p>



<figure class="wp-block-embed is-type-video is-provider-youtube wp-block-embed-youtube wp-embed-aspect-16-9 wp-has-aspect-ratio"><div class="wp-block-embed__wrapper">
<iframe title="Speldags - Anna &amp; Jesper – Pop, visor och svenska hits" width="800" height="450" src="https://www.youtube.com/embed/S3X1ZnKmRJ0?start=19&#038;feature=oembed" frameborder="0" allow="accelerometer; autoplay; clipboard-write; encrypted-media; gyroscope; picture-in-picture; web-share" referrerpolicy="strict-origin-when-cross-origin" allowfullscreen></iframe>
</div></figure>
