{"id":597,"date":"2025-04-16T00:33:28","date_gmt":"2025-04-16T00:33:28","guid":{"rendered":"https:\/\/anna.webblix.se\/?post_type=project-artist&#038;p=597"},"modified":"2025-04-16T00:33:46","modified_gmt":"2025-04-16T00:33:46","slug":"stena-line","status":"publish","type":"project-artist","link":"https:\/\/annafallstrom.se\/sv\/project-artist\/stena-line\/","title":{"rendered":"Stena Line"},"content":{"rendered":"<p class=\"wp-block-paragraph\">Sedan 2018 arbetar jag som s\u00e5ngerska, host &amp; n\u00f6jesv\u00e4rd ombord Stena Danica, Stena Scandinavica och Stena Germanica. V\u00e5ren 2020 stoppades uppdraget i och med Corona pandemien.<\/p>","protected":false},"featured_media":598,"template":"","class_list":["post-597","project-artist","type-project-artist","status-publish","has-post-thumbnail","hentry"],"_links":{"self":[{"href":"https:\/\/annafallstrom.se\/sv\/wp-json\/wp\/v2\/project-artist\/597","targetHints":{"allow":["GET"]}}],"collection":[{"href":"https:\/\/annafallstrom.se\/sv\/wp-json\/wp\/v2\/project-artist"}],"about":[{"href":"https:\/\/annafallstrom.se\/sv\/wp-json\/wp\/v2\/types\/project-artist"}],"wp:featuredmedia":[{"embeddable":true,"href":"https:\/\/annafallstrom.se\/sv\/wp-json\/wp\/v2\/media\/598"}],"wp:attachment":[{"href":"https:\/\/annafallstrom.se\/sv\/wp-json\/wp\/v2\/media?parent=597"}],"curies":[{"name":"wp","href":"https:\/\/api.w.org\/{rel}","templated":true}]}}

<p class="wp-block-paragraph">Sedan 2018 arbetar jag som sångerska, host &amp; nöjesvärd ombord Stena Danica, Stena Scandinavica och Stena Germanica. Våren 2020 stoppades uppdraget i och med Corona pandemien.</p>
