{"id":600,"date":"2025-04-16T00:36:16","date_gmt":"2025-04-16T00:36:16","guid":{"rendered":"https:\/\/anna.webblix.se\/?post_type=project-artist&#038;p=600"},"modified":"2025-04-16T00:36:19","modified_gmt":"2025-04-16T00:36:19","slug":"konferencier","status":"publish","type":"project-artist","link":"https:\/\/annafallstrom.se\/sv\/project-artist\/konferencier\/","title":{"rendered":"Konferencier"},"content":{"rendered":"<p class=\"wp-block-paragraph\">2019 fick jag uppdraget att leda invigningen av M\u00f6lndals stads H\u00e5llbarhetsvecka. Jag stod f\u00f6r kontakt med artister och ledde invigningen som konferencier p\u00e5 M\u00f6lndals torg.<\/p>","protected":false},"featured_media":601,"template":"","class_list":["post-600","project-artist","type-project-artist","status-publish","has-post-thumbnail","hentry"],"_links":{"self":[{"href":"https:\/\/annafallstrom.se\/sv\/wp-json\/wp\/v2\/project-artist\/600","targetHints":{"allow":["GET"]}}],"collection":[{"href":"https:\/\/annafallstrom.se\/sv\/wp-json\/wp\/v2\/project-artist"}],"about":[{"href":"https:\/\/annafallstrom.se\/sv\/wp-json\/wp\/v2\/types\/project-artist"}],"wp:featuredmedia":[{"embeddable":true,"href":"https:\/\/annafallstrom.se\/sv\/wp-json\/wp\/v2\/media\/601"}],"wp:attachment":[{"href":"https:\/\/annafallstrom.se\/sv\/wp-json\/wp\/v2\/media?parent=600"}],"curies":[{"name":"wp","href":"https:\/\/api.w.org\/{rel}","templated":true}]}}

<p class="wp-block-paragraph">2019 fick jag uppdraget att leda invigningen av Mölndals stads Hållbarhetsvecka. Jag stod för kontakt med artister och ledde invigningen som konferencier på Mölndals torg.</p>
